643634 - 3?
-2643637
In base 3, what is 20 + 10112112211?
10112120001
In base 10, what is 461543 - 7?
461536
In base 10, what is 1008 + 38?
1046
In base 12, what is 44620 - -1?
44621
In base 4, what is -3133 + 12230?
3031
In base 5, what is -3 + -2212331?
-2212334
In base 10, what is -100 - -1674?
1574
In base 12, what is 13a4 + 8?
13b0
In base 10, what is -123 + 388?
265
In base 6, what is -5430553 - -3?
-5430550
In base 10, what is -125181 - 4?
-125185
In base 10, what is 13020 - 7?
13013
In base 6, what is 50 + -2441?
-2351
In base 5, what is -2013444 - 11?
-2014010
In base 3, what is 2012 - 101202?
-22120
In base 8, what is 5 - 213471?
-213464
In base 5, what is -442 + 13340?
12343
In base 16, what is -353 - a?
-35d
In base 16, what is 0 - dc63?
-dc63
In base 10, what is -101 + -602?
-703
In base 7, what is -253 + 16313?
16030
In base 5, what is -2204 + 1120?
-1034
In base 14, what is -20 + 6d45?
6d25
In base 5, what is 3 + -424141?
-424133
In base 13, what is -145b85 - -1?
-145b84
In base 9, what is 54582 + -4?
54577
In base 14, what is 29d39b - 3?
29d398
In base 9, what is 2 - -14423?
14425
In base 6, what is 5 + 12541101?
12541110
In base 11, what is 43 - -25184?
25217
In base 11, what is 43 - 1736?
-16a3
In base 11, what is 14638 - -20?
14658
In base 5, what is -1422 + -4004?
-10431
In base 8, what is 120335 - -34?
120371
In base 10, what is -32572 - 6?
-32578
In base 12, what is -3 + -61012?
-61015
In base 14, what is 29257d - 2?
29257b
In base 10, what is 298 + -5121?
-4823
In base 13, what is -5c + 1c0?
161
In base 4, what is 30022222100 - 10?
30022222030
In base 15, what is -166 - 47?
-1ad
In base 10, what is 9 - 57019?
-57010
In base 5, what is -3104 - -304?
-2300
In base 13, what is 3bac - 8?
3ba4
In base 3, what is -2022022 - 2?
-2022101
In base 16, what is -6c + -c60?
-ccc
In base 13, what is 108409 - -5?
108411
In base 16, what is 9fe3 - 0?
9fe3
In base 12, what is -287 + a57?
790
In base 3, what is 1 + 21200200021?
21200200022
In base 9, what is -5131 + -254?
-5385
In base 10, what is 8315 - -1?
8316
In base 16, what is -1c28 - -16?
-1c12
In base 8, what is -520 + 127?
-371
In base 9, what is -3 + 365?
362
In base 2, what is -101110011001 + -100111?
-101111000000
In base 16, what is -ba964 - 8?
-ba96c
In base 5, what is -331 - 1222?
-2103
In base 15, what is -5 - -3cc6?
3cc1
In base 9, what is -12224 - -374?
-11740
In base 16, what is ab76 - -4?
ab7a
In base 10, what is 162986 + -3?
162983
In base 14, what is b + -12dcc?
-12dc1
In base 10, what is 80441 - -5?
80446
In base 2, what is -1010 + -1011100010010?
-1011100011100
In base 12, what is -7 - -81?
76
In base 5, what is 441303 - 34?
441214
In base 16, what is 4260 + 19?
4279
In base 13, what is 41 - 22a?
-1b9
In base 14, what is 6a75 + 3?
6a78
In base 2, what is 110 - -11101010000101?
11101010001011
In base 10, what is -112 - 1401?
-1513
In base 16, what is -dd4 - -27?
-dad
In base 12, what is 1191698 + 1?
1191699
In base 13, what is -a7540 + -7?
-a7547
In base 11, what is 0 + 8946?
8946
In base 9, what is -18701 + -15?
-18716
In base 10, what is -5494 + -4?
-5498
In base 9, what is 1288268 + 0?
1288268
In base 14, what is 0 - -3750?
3750
In base 4, what is 0 - -3131321?
3131321
In base 15, what is 50b - -50?
55b
In base 13, what is 121c - -30?
124c
In base 3, what is -10111 - 1100211210?
-1100222021
In base 7, what is -14066 + -12?
-14111
In base 14, what is -1 + -5809?
-580a
In base 13, what is -1b + 8ab6?
8a98
In base 11, what is -12914 - -1?
-12913
In base 5, what is -1332201 - -120?
-1332031
In base 9, what is -3878 + 4?
-3874
In base 9, what is -3 + 713706?
713703
In base 15, what is -1 + 40b00?
40aee
In base 15, what is -84d + -1?
-84e
In base 8, what is 202 - -20061?
20263
In base 8, what is 5764 - 1?
5763
In base 6, what is 21323 + 12114?
33441
In base 12, what is -265 - -a5?
-180
In base 9, what is -38453 + -3?
-38456
In base 7, what is -22 - 136160?
-136212
In base 9, what is -4020 - -12?
-4007
In base 15, what is 4 + 537a?
537e
In base 3, what is 2220002 - -212022?
10202101
In base 8, what is -2 - 666366?
-666370
In base 15, what is -a8b + 166?
-925
In base 8, what is 4 + -626041?
-626035
In base 10, what is -24 - -1347?
1323
In base 8, what is 304132 + 0?
304132
In base 6, what is 31411 + -33?
31334
In base 16, what is -90 - 96?
-126
In base 6, what is -5 + 20554124?
20554115
In base 15, what is 4 + -388e?
-388a
In base 16, what is -a4cbc + 1?
-a4cbb
In base 8, what is 105470 + 140?
105630
In base 3, what is 11 - -1211211?
1211222
In base 15, what is -3 + -1371e?
-13722
In base 10, what is -20916 + -2?
-20918
In base 12, what is 4931 + 2b?
4960
In base 6, what is -3 - 53243?
-53250
In base 13, what is -2 + c7ac1?
c7abc
In base 13, what is -c - -7ac1?
7ab2
In base 13, what is -1 - -6514?
6513
In base 6, what is 14 + -15532?
-15514
In base 4, what is -2102113 + 11?
-2102102
In base 6, what is -444 - -35500?
35012
In base 13, what is -29bc - 6?
-29c5
In base 5, what is -3 + 3420?
3412
In base 6, what is 0 - 124304?
-124304
In base 3, what is -112 + 10210101212?
10210101100
In base 10, what is -1027 - 921?
-1948
In base 11, what is 1307 - -a?
1316
In base 16, what is 84e31 - -1?
84e32
In base 3, what is -11 - 100100120101?
-100100120112
In base 8, what is 36 + -25014?
-24756
In base 14, what is -bb6 + c8?
-acc
In base 2, what is 100101110110111111 - -100?
100101110111000011
In base 11, what is -18a00 + -3?
-18a03
In base 6, what is 2421202 - -4?
2421210
In base 16, what is c - a6e?
-a62
In base 8, what is 5 + -45700?
-45673
In base 11, what is 965 - -17a?
1034
In base 14, what is a - 2948?
-293c
In base 13, what is -97c7c + 4?
-97c78
In base 8, what is -14360 + 12?
-14346
In base 11, what is 7 - 120070?
-120064
In base 6, what is 3 + 121424?
121431
In base 7, what is 126 - 1106?
-650
In base 14, what is -3844a0 - 1?
-3844a1
In base 12, what is 6 - -bb19?
bb23
In base 12, what is -618ab + -1?
-618b0
In base 10, what is 231 - -107?
338
In base 4, what is -2023 - 11033?
-13122
In base 2, what is -10111101111110 + -1011?
-10111110001001
In base 10, what is -31437 + 3?
-31434
In base 14, what is -2 + 4c67?
4c65
In base 2, what is -1110101111110 + -111?
-1110110000101
In base 14, what is 133c - 9?
1333
In base 9, what is -3 + -207110?
-207113
In base 7, what is 11341 + -4?
11334
In base 10, what is 22 - -3384?
3406
In base 10, what is -1 - -27989?
27988
In base 4, what is -23 + 32302000?
32301311
In base 11, what is -9a737 - 4?
-9a740
In base 12, what is -2 - -1268?
1266
In base 13, what is 2 + -8bac?
-8baa
In base 14, what is 9 - 3716?
-370b
In base 13, what is 2c - -1167a?
116a9
In base 15, what is -26 - 53e9?
-5420
In base 4, what is -1022 - -2120210?
2113122
In base 3, what is 1101010011 + 2?
1101010020
In base 3, what is -22020 - -2100?
-12220
In base 15, what is -81 + -625?
-6a6
In base 6, what is -1055024 + 15?
-1055005
In base 12, what is -5 + 4263?
425a
In base 9, what is 3226 + 3?
3230
In base 11, what is 0 - -aa62?
aa62
In base 8, what is -13 - 26615?
-26630
In base 12, what is -214 - 96?
-2aa
In base 5, what is 1433 + 102?
2040
In base 5, what is -103231142 + -1?
-103231143
In base 9, what is -11604 - 2?
-11606
In base 12, what is 34 + a367?
a39b
In base 3, what is 120220010201 - -1?
120220010202
In base 7, what is 246 - -3612?
4161
In base 13, what is 4a + 15b2?
162c
In base 16, what is 4 + 3f997?
3f99b
In base 15, what is 1 - -747e?
7480
In base 3, what is 101202012222 - -1?
101202020000
In base 12, what is 965 + -73?
8b2
In base 13, what is 4 - -19c9c?
19ca3
In base 6, what is -10241 - -343?
-5454
In base 12, what is -4a - -96b6?
9668
In base 8, what is -265174 + 1?
-265173
In base 15, what is -19dec - 4?
-19e01
In base 8, what is -17750 + -4?
-17754
In base 16, what is -7 - -f49?
f42
In base 5, what is 2 - 32442404?
-32442402
In base 12, what is -3 + -2b02?
-2b05
In base 8, what is 75 - -252464?
252561
In base 3, what is -210221100 - -11?
-210221012
In base 15, what is 31dbe9 - 2?
31dbe7
In base 8, what is -250 + -746?
-1216
In base 9, what is 56301 + -11?
56280
In base 10, what is -81298 + 1?
-81297
In base 3, what is -11122011200 + -121?
-11122012021
In base 5, what is -431142 + -1?
-431143
In base 9, what is -2 + -808?
-811
In base 10, what is 11